[INFO] cloning repository https://github.com/cosmicexplorer/mold
[INFO] running `Command { std: "git" "-c" "credential.helper=" "-c" "credential.helper=/workspace/cargo-home/bin/git-credential-null" "clone" "--bare" "https://github.com/cosmicexplorer/mold" "/workspace/cache/git-repos/https%3A%2F%2Fgithub.com%2Fcosmicexplorer%2Fmold", kill_on_drop: false }`
[INFO] [stderr] Cloning into bare repository '/workspace/cache/git-repos/https%3A%2F%2Fgithub.com%2Fcosmicexplorer%2Fmold'...
[INFO] running `Command { std: "git" "rev-parse" "HEAD", kill_on_drop: false }`
[INFO] [stdout] efc474ef13a90c18b7ee7f9ae1e90a2e29879c71
[INFO] checking cosmicexplorer/mold against master#af3c6e733a40e671550e0f0f5aeecaa13772ba56 for pr-74989
[INFO] running `Command { std: "git" "clone" "/workspace/cache/git-repos/https%3A%2F%2Fgithub.com%2Fcosmicexplorer%2Fmold" "/workspace/builds/worker-11/source", kill_on_drop: false }`
[INFO] [stderr] Cloning into '/workspace/builds/worker-11/source'...
[INFO] [stderr] done.
[INFO] validating manifest of git repo https://github.com/cosmicexplorer/mold on toolchain af3c6e733a40e671550e0f0f5aeecaa13772ba56
[INFO] running `Command { std: "/workspace/cargo-home/bin/cargo" "+af3c6e733a40e671550e0f0f5aeecaa13772ba56" "read-manifest" "--manifest-path" "Cargo.toml", kill_on_drop: false }`
[INFO] started tweaking git repo https://github.com/cosmicexplorer/mold
[INFO] removed path dependency bfd-sys from git repo https://github.com/cosmicexplorer/mold
[INFO] finished tweaking git repo https://github.com/cosmicexplorer/mold
[INFO] tweaked toml for git repo https://github.com/cosmicexplorer/mold written to /workspace/builds/worker-11/source/Cargo.toml
[INFO] crate git repo https://github.com/cosmicexplorer/mold already has a lockfile, it will not be regenerated
[INFO] running `Command { std: "/workspace/cargo-home/bin/cargo" "+af3c6e733a40e671550e0f0f5aeecaa13772ba56" "fetch" "--locked" "--manifest-path" "Cargo.toml", kill_on_drop: false }`
[INFO] [stderr] warning: dependency (bfd-sys) specified without providing a local path, Git repository, or version to use. This will be considered an error in future versions
[INFO] [stderr]     Updating crates.io index
[INFO] [stderr] error: the lock file /workspace/builds/worker-11/source/Cargo.lock needs to be updated but --locked was passed to prevent this
[INFO] [stderr] If you want to try to generate the lock file without accessing the network, use the --offline flag.
[INFO] the lockfile is outdated, regenerating it
[INFO] running `Command { std: "/workspace/cargo-home/bin/cargo" "+af3c6e733a40e671550e0f0f5aeecaa13772ba56" "generate-lockfile" "--manifest-path" "Cargo.toml" "-Zno-index-update", kill_on_drop: false }`
[INFO] running `Command { std: "/workspace/cargo-home/bin/cargo" "+af3c6e733a40e671550e0f0f5aeecaa13772ba56" "fetch" "--locked" "--manifest-path" "Cargo.toml", kill_on_drop: false }`
[INFO] [stderr] warning: dependency (bfd-sys) specified without providing a local path, Git repository, or version to use. This will be considered an error in future versions
[INFO] running `Command { std: "docker" "create" "-v" "/var/lib/crater-agent-workspace/builds/worker-11/target:/opt/rustwide/target:rw,Z" "-v" "/var/lib/crater-agent-workspace/builds/worker-11/source:/opt/rustwide/workdir:ro,Z" "-v" "/var/lib/crater-agent-workspace/cargo-home:/opt/rustwide/cargo-home:ro,Z" "-v" "/var/lib/crater-agent-workspace/rustup-home:/opt/rustwide/rustup-home:ro,Z" "-e" "SOURCE_DIR=/opt/rustwide/workdir" "-e" "CARGO_TARGET_DIR=/opt/rustwide/target" "-e" "CARGO_HOME=/opt/rustwide/cargo-home" "-e" "RUSTUP_HOME=/opt/rustwide/rustup-home" "-w" "/opt/rustwide/workdir" "-m" "1610612736" "--user" "0:0" "--network" "none" "rustops/crates-build-env@sha256:d92eaeed33fa75130ca1ee6c8a01d1ffb62bac859dfdfb3450e3e5d1c0146529" "/opt/rustwide/cargo-home/bin/cargo" "+af3c6e733a40e671550e0f0f5aeecaa13772ba56" "metadata" "--no-deps" "--format-version=1", kill_on_drop: false }`
[INFO] [stdout] 8bdd54a5dd246f1cff948b34370f30a49cc0ef8458b164421949cb0b2a228ea0
[INFO] [stderr] WARNING: Your kernel does not support swap limit capabilities or the cgroup is not mounted. Memory limited without swap.
[INFO] running `Command { std: "docker" "start" "-a" "8bdd54a5dd246f1cff948b34370f30a49cc0ef8458b164421949cb0b2a228ea0", kill_on_drop: false }`
[INFO] running `Command { std: "docker" "inspect" "8bdd54a5dd246f1cff948b34370f30a49cc0ef8458b164421949cb0b2a228ea0", kill_on_drop: false }`
[INFO] running `Command { std: "docker" "rm" "-f" "8bdd54a5dd246f1cff948b34370f30a49cc0ef8458b164421949cb0b2a228ea0", kill_on_drop: false }`
[INFO] [stdout] 8bdd54a5dd246f1cff948b34370f30a49cc0ef8458b164421949cb0b2a228ea0
[INFO] running `Command { std: "docker" "create" "-v" "/var/lib/crater-agent-workspace/builds/worker-11/target:/opt/rustwide/target:rw,Z" "-v" "/var/lib/crater-agent-workspace/builds/worker-11/source:/opt/rustwide/workdir:ro,Z" "-v" "/var/lib/crater-agent-workspace/cargo-home:/opt/rustwide/cargo-home:ro,Z" "-v" "/var/lib/crater-agent-workspace/rustup-home:/opt/rustwide/rustup-home:ro,Z" "-e" "SOURCE_DIR=/opt/rustwide/workdir" "-e" "CARGO_TARGET_DIR=/opt/rustwide/target" "-e" "CARGO_INCREMENTAL=0" "-e" "RUST_BACKTRACE=full" "-e" "RUSTFLAGS=--cap-lints=forbid" "-e" "CARGO_HOME=/opt/rustwide/cargo-home" "-e" "RUSTUP_HOME=/opt/rustwide/rustup-home" "-w" "/opt/rustwide/workdir" "-m" "1610612736" "--user" "0:0" "--network" "none" "rustops/crates-build-env@sha256:d92eaeed33fa75130ca1ee6c8a01d1ffb62bac859dfdfb3450e3e5d1c0146529" "/opt/rustwide/cargo-home/bin/cargo" "+af3c6e733a40e671550e0f0f5aeecaa13772ba56" "check" "--frozen" "--all" "--all-targets" "--message-format=json", kill_on_drop: false }`
[INFO] [stdout] 2f6a742597857c64205cee63a6cb8891e2fc8bf7f68cdb68041ee58d6498f2db
[INFO] [stderr] WARNING: Your kernel does not support swap limit capabilities or the cgroup is not mounted. Memory limited without swap.
[INFO] running `Command { std: "docker" "start" "-a" "2f6a742597857c64205cee63a6cb8891e2fc8bf7f68cdb68041ee58d6498f2db", kill_on_drop: false }`
[INFO] [stderr] warning: dependency (bfd-sys) specified without providing a local path, Git repository, or version to use. This will be considered an error in future versions
[INFO] [stderr]     Blocking waiting for file lock on package cache
[INFO] [stderr]     Checking bfd-sys v0.0.0
[INFO] [stderr]     Checking mold v0.0.1 (/opt/rustwide/workdir)
[INFO] [stdout] error[E0432]: unresolved imports `self::bfd_sys::bfd`, `self::bfd_sys::bfd_hash_table`, `self::bfd_sys::bfd_link_info`, `self::bfd_sys::bfd_target`
[INFO] [stdout]  --> src/bfd.rs:4:21
[INFO] [stdout]   |
[INFO] [stdout] 4 | use self::bfd_sys::{bfd, bfd_hash_table, bfd_link_info, bfd_target};
[INFO] [stdout]   |                     ^^^  ^^^^^^^^^^^^^^  ^^^^^^^^^^^^^  ^^^^^^^^^^ no `bfd_target` in the root
[INFO] [stdout]   |                     |    |               |
[INFO] [stdout]   |                     |    |               no `bfd_link_info` in the root
[INFO] [stdout]   |                     |    no `bfd_hash_table` in the root
[INFO] [stdout]   |                     no `bfd` in the root
[INFO] [stdout] 
[INFO] [stdout] 
[INFO] [stdout] error[E0432]: unresolved imports `self::bfd_sys::bfd`, `self::bfd_sys::bfd_hash_table`, `self::bfd_sys::bfd_link_info`, `self::bfd_sys::bfd_target`
[INFO] [stdout]  --> src/bfd.rs:4:21
[INFO] [stdout]   |
[INFO] [stdout] 4 | use self::bfd_sys::{bfd, bfd_hash_table, bfd_link_info, bfd_target};
[INFO] [stdout]   |                     ^^^  ^^^^^^^^^^^^^^  ^^^^^^^^^^^^^  ^^^^^^^^^^ no `bfd_target` in the root
[INFO] [stdout]   |                     |    |               |
[INFO] [stdout]   |                     |    |               no `bfd_link_info` in the root
[INFO] [stdout]   |                     |    no `bfd_hash_table` in the root
[INFO] [stdout]   |                     no `bfd` in the root
[INFO] [stdout] 
[INFO] [stdout] 
[INFO] [stdout] error[E0425]: cannot find function `bfd_openr` in crate `bfd_sys`
[INFO] [stdout]   --> src/bfd.rs:70:28
[INFO] [stdout]    |
[INFO] [stdout] 70 |     bfd_h = &mut *bfd_sys::bfd_openr(in_obj_path_c_str, target_c_str);
[INFO] [stdout]    |                            ^^^^^^^^^ not found in `bfd_sys`
[INFO] [stdout] 
[INFO] [stdout] 
[INFO] [stdout] error[E0425]: cannot find function `bfd_openw` in crate `bfd_sys`
[INFO] [stdout]   --> src/bfd.rs:87:28
[INFO] [stdout]    |
[INFO] [stdout] 87 |     bfd_h = &mut *bfd_sys::bfd_openw(out_obj_path_c_str, target_c_str);
[INFO] [stdout]    |                            ^^^^^^^^^ not found in `bfd_sys`
[INFO] [stdout] 
[INFO] [stdout] 
[INFO] [stdout] error[E0425]: cannot find function `bfd_close` in crate `bfd_sys`
[INFO] [stdout]    --> src/bfd.rs:104:16
[INFO] [stdout]     |
[INFO] [stdout] 104 |       bfd_sys::bfd_close(self.bfd);
[INFO] [stdout]     |                ^^^^^^^^^ not found in `bfd_sys`
[INFO] [stdout] 
[INFO] [stdout] 
[INFO] [stdout] error[E0412]: cannot find type `bfd_boolean` in crate `bfd_sys`
[INFO] [stdout]    --> src/bfd.rs:114:39
[INFO] [stdout]     |
[INFO] [stdout] 114 |     let format_check_result: bfd_sys::bfd_boolean;
[INFO] [stdout]     |                                       ^^^^^^^^^^^ not found in `bfd_sys`
[INFO] [stdout] 
[INFO] [stdout] 
[INFO] [stdout] error[E0425]: cannot find function `bfd_check_format` in crate `bfd_sys`
[INFO] [stdout]    --> src/bfd.rs:118:18
[INFO] [stdout]     |
[INFO] [stdout] 118 |         bfd_sys::bfd_check_format(abfd, bfd_sys::bfd_format_bfd_object);
[INFO] [stdout]     |                  ^^^^^^^^^^^^^^^^ not found in `bfd_sys`
[INFO] [stdout] 
[INFO] [stdout] 
[INFO] [stdout] error[E0425]: cannot find value `bfd_format_bfd_object` in crate `bfd_sys`
[INFO] [stdout]    --> src/bfd.rs:118:50
[INFO] [stdout]     |
[INFO] [stdout] 118 |         bfd_sys::bfd_check_format(abfd, bfd_sys::bfd_format_bfd_object);
[INFO] [stdout]     |                                                  ^^^^^^^^^^^^^^^^^^^^^ not found in `bfd_sys`
[INFO] [stdout] 
[INFO] [stdout] 
[INFO] [stdout] error[E0412]: cannot find type `bfd_boolean` in crate `bfd_sys`
[INFO] [stdout]    --> src/bfd.rs:129:37
[INFO] [stdout]     |
[INFO] [stdout] 129 |     let format_set_result: bfd_sys::bfd_boolean;
[INFO] [stdout]     |                                     ^^^^^^^^^^^ not found in `bfd_sys`
[INFO] [stdout] 
[INFO] [stdout] 
[INFO] [stdout] error[E0425]: cannot find function `bfd_set_format` in crate `bfd_sys`
[INFO] [stdout]    --> src/bfd.rs:133:18
[INFO] [stdout]     |
[INFO] [stdout] 133 |         bfd_sys::bfd_set_format(abfd, bfd_sys::bfd_format_bfd_object);
[INFO] [stdout]     |                  ^^^^^^^^^^^^^^ not found in `bfd_sys`
[INFO] [stdout] 
[INFO] [stdout] 
[INFO] [stdout] error[E0425]: cannot find value `bfd_format_bfd_object` in crate `bfd_sys`
[INFO] [stdout]    --> src/bfd.rs:133:48
[INFO] [stdout]     |
[INFO] [stdout] 133 |         bfd_sys::bfd_set_format(abfd, bfd_sys::bfd_format_bfd_object);
[INFO] [stdout]     |                                                ^^^^^^^^^^^^^^^^^^^^^ not found in `bfd_sys`
[INFO] [stdout] 
[INFO] [stdout] 
[INFO] [stdout] error[E0412]: cannot find type `bfd_link_hash_table` in crate `bfd_sys`
[INFO] [stdout]    --> src/bfd.rs:144:22
[INFO] [stdout]     |
[INFO] [stdout] 144 |   ) -> *mut bfd_sys::bfd_link_hash_table {
[INFO] [stdout]     |                      ^^^^^^^^^^^^^^^^^^^ not found in `bfd_sys`
[INFO] [stdout] 
[INFO] [stdout] 
[INFO] [stdout] error[E0425]: cannot find function `bfd_hash_table_init` in crate `bfd_sys`
[INFO] [stdout]    --> src/bfd.rs:201:14
[INFO] [stdout]     |
[INFO] [stdout] 201 |     bfd_sys::bfd_hash_table_init(
[INFO] [stdout]     |              ^^^^^^^^^^^^^^^^^^^ not found in `bfd_sys`
[INFO] [stdout] 
[INFO] [stdout] 
[INFO] [stdout] error[E0425]: cannot find value `bfd_hash_newfunc` in crate `bfd_sys`
[INFO] [stdout]    --> src/bfd.rs:203:21
[INFO] [stdout]     |
[INFO] [stdout] 203 |       Some(bfd_sys::bfd_hash_newfunc),
[INFO] [stdout]     |                     ^^^^^^^^^^^^^^^^ not found in `bfd_sys`
[INFO] [stdout] 
[INFO] [stdout] 
[INFO] [stdout] error[E0412]: cannot find type `bfd_hash_entry` in crate `bfd_sys`
[INFO] [stdout]    --> src/bfd.rs:204:26
[INFO] [stdout]     |
[INFO] [stdout] 204 |       size_of::<bfd_sys::bfd_hash_entry>() as u32,
[INFO] [stdout]     |                          ^^^^^^^^^^^^^^ not found in `bfd_sys`
[INFO] [stdout] 
[INFO] [stdout] 
[INFO] [stdout] error[E0425]: cannot find function `bfd_find_target` in crate `bfd_sys`
[INFO] [stdout]    --> src/bfd.rs:251:20
[INFO] [stdout]     |
[INFO] [stdout] 251 |     tgt = bfd_sys::bfd_find_target(target_c_str, ptr::null_mut());
[INFO] [stdout]     |                    ^^^^^^^^^^^^^^^ not found in `bfd_sys`
[INFO] [stdout] 
[INFO] [stdout] 
[INFO] [stdout] error[E0425]: cannot find function `bfd_target_list` in crate `bfd_sys`
[INFO] [stdout]    --> src/bfd.rs:293:55
[INFO] [stdout]     |
[INFO] [stdout] 293 |     let target_listing: *mut *const c_char = bfd_sys::bfd_target_list();
[INFO] [stdout]     |                                                       ^^^^^^^^^^^^^^^ not found in `bfd_sys`
[INFO] [stdout] 
[INFO] [stdout] 
[INFO] [stdout] error[E0412]: cannot find type `bfd` in crate `bfd_sys`
[INFO] [stdout]   --> src/main.rs:21:31
[INFO] [stdout]    |
[INFO] [stdout] 21 |   let mut abfd: &mut bfd_sys::bfd;
[INFO] [stdout]    |                               ^^^ not found in `bfd_sys`
[INFO] [stdout] 
[INFO] [stdout] 
[INFO] [stdout] error[E0425]: cannot find function `bfd_openw` in crate `bfd_sys`
[INFO] [stdout]   --> src/main.rs:23:27
[INFO] [stdout]    |
[INFO] [stdout] 23 |     abfd = &mut *bfd_sys::bfd_openw(
[INFO] [stdout]    |                           ^^^^^^^^^ not found in `bfd_sys`
[INFO] [stdout] 
[INFO] [stdout] 
[INFO] [stdout] error[E0425]: cannot find function `bfd_set_format` in crate `bfd_sys`
[INFO] [stdout]   --> src/main.rs:27:14
[INFO] [stdout]    |
[INFO] [stdout] 27 |     bfd_sys::bfd_set_format(&mut *abfd, bfd_sys::bfd_format_bfd_object);
[INFO] [stdout]    |              ^^^^^^^^^^^^^^ not found in `bfd_sys`
[INFO] [stdout] 
[INFO] [stdout] 
[INFO] [stdout] error[E0425]: cannot find value `bfd_format_bfd_object` in crate `bfd_sys`
[INFO] [stdout]   --> src/main.rs:27:50
[INFO] [stdout]    |
[INFO] [stdout] 27 |     bfd_sys::bfd_set_format(&mut *abfd, bfd_sys::bfd_format_bfd_object);
[INFO] [stdout]    |                                                  ^^^^^^^^^^^^^^^^^^^^^ not found in `bfd_sys`
[INFO] [stdout] 
[INFO] [stdout] 
[INFO] [stdout] error[E0412]: cannot find type `asymbol` in crate `bfd_sys`
[INFO] [stdout]   --> src/main.rs:30:30
[INFO] [stdout]    |
[INFO] [stdout] 30 |   let mut new: &mut bfd_sys::asymbol;
[INFO] [stdout]    |                              ^^^^^^^ not found in `bfd_sys`
[INFO] [stdout] 
[INFO] [stdout] 
[INFO] [stdout] error[E0425]: cannot find function `_bfd_generic_make_empty_symbol` in crate `bfd_sys`
[INFO] [stdout]   --> src/main.rs:32:26
[INFO] [stdout]    |
[INFO] [stdout] 32 |     new = &mut *bfd_sys::_bfd_generic_make_empty_symbol(&mut *abfd);
[INFO] [stdout]    |                          ^^^^^^^^^^^^^^^^^^^^^^^^^^^^^^ not found in `bfd_sys`
[INFO] [stdout] 
[INFO] [stdout] 
[INFO] [stdout] error[E0425]: cannot find function `bfd_make_section_old_way` in crate `bfd_sys`
[INFO] [stdout]   --> src/main.rs:36:28
[INFO] [stdout]    |
[INFO] [stdout] 36 |     new.section = bfd_sys::bfd_make_section_old_way(
[INFO] [stdout]    |                            ^^^^^^^^^^^^^^^^^^^^^^^^ not found in `bfd_sys`
[INFO] [stdout] 
[INFO] [stdout] 
[INFO] [stdout] error[E0425]: cannot find value `BSF_GLOBAL` in crate `bfd_sys`
[INFO] [stdout]   --> src/main.rs:41:24
[INFO] [stdout]    |
[INFO] [stdout] 41 |   new.flags = bfd_sys::BSF_GLOBAL;
[INFO] [stdout]    |                        ^^^^^^^^^^ not found in `bfd_sys`
[INFO] [stdout] 
[INFO] [stdout] 
[INFO] [stdout] error[E0412]: cannot find type `asymbol` in crate `bfd_sys`
[INFO] [stdout]   --> src/main.rs:44:30
[INFO] [stdout]    |
[INFO] [stdout] 44 |   let new_ptr: *mut bfd_sys::asymbol = &mut *new;
[INFO] [stdout]    |                              ^^^^^^^ not found in `bfd_sys`
[INFO] [stdout] 
[INFO] [stdout] 
[INFO] [stdout] error[E0412]: cannot find type `asymbol` in crate `bfd_sys`
[INFO] [stdout]   --> src/main.rs:45:27
[INFO] [stdout]    |
[INFO] [stdout] 45 |   let nptr: *mut bfd_sys::asymbol = std::ptr::null_mut();
[INFO] [stdout]    |                           ^^^^^^^ not found in `bfd_sys`
[INFO] [stdout] 
[INFO] [stdout] 
[INFO] [stdout] error[E0412]: cannot find type `asymbol` in crate `bfd_sys`
[INFO] [stdout]   --> src/main.rs:46:37
[INFO] [stdout]    |
[INFO] [stdout] 46 |   let mut ptrs: &mut [*mut bfd_sys::asymbol] = &mut [new_ptr, nptr];
[INFO] [stdout]    |                                     ^^^^^^^ not found in `bfd_sys`
[INFO] [stdout] 
[INFO] [stdout] 
[INFO] [stdout] error[E0425]: cannot find function `bfd_set_symtab` in crate `bfd_sys`
[INFO] [stdout]   --> src/main.rs:49:14
[INFO] [stdout]    |
[INFO] [stdout] 49 |     bfd_sys::bfd_set_symtab(&mut *abfd, ptrs.as_mut_ptr(), 1);
[INFO] [stdout]    |              ^^^^^^^^^^^^^^ not found in `bfd_sys`
[INFO] [stdout] 
[INFO] [stdout] 
[INFO] [stdout] error[E0425]: cannot find function `bfd_close` in crate `bfd_sys`
[INFO] [stdout]   --> src/main.rs:50:14
[INFO] [stdout]    |
[INFO] [stdout] 50 |     bfd_sys::bfd_close(&mut *abfd);
[INFO] [stdout]    |              ^^^^^^^^^ not found in `bfd_sys`
[INFO] [stdout] 
[INFO] [stdout] 
[INFO] [stdout] warning: unused import: `std::fmt`
[INFO] [stdout]  --> src/bfd.rs:7:5
[INFO] [stdout]   |
[INFO] [stdout] 7 | use std::fmt;
[INFO] [stdout]   |     ^^^^^^^^
[INFO] [stdout]   |
[INFO] [stdout]   = note: `#[warn(unused_imports)]` on by default
[INFO] [stdout] 
[INFO] [stdout] 
[INFO] [stdout] warning: unused import: `PathBuf`
[INFO] [stdout]   --> src/bfd.rs:11:23
[INFO] [stdout]    |
[INFO] [stdout] 11 | use std::path::{Path, PathBuf};
[INFO] [stdout]    |                       ^^^^^^^
[INFO] [stdout] 
[INFO] [stdout] 
[INFO] [stdout] warning: unused import: `std::slice`
[INFO] [stdout]   --> src/bfd.rs:13:5
[INFO] [stdout]    |
[INFO] [stdout] 13 | use std::slice;
[INFO] [stdout]    |     ^^^^^^^^^^
[INFO] [stdout] 
[INFO] [stdout] 
[INFO] [stdout] warning: unused import: `std::env`
[INFO] [stdout]  --> src/main.rs:5:5
[INFO] [stdout]   |
[INFO] [stdout] 5 | use std::env;
[INFO] [stdout]   |     ^^^^^^^^
[INFO] [stdout] 
[INFO] [stdout] 
[INFO] [stdout] warning: unused import: `std::fs::File`
[INFO] [stdout]  --> src/main.rs:7:5
[INFO] [stdout]   |
[INFO] [stdout] 7 | use std::fs::File;
[INFO] [stdout]   |     ^^^^^^^^^^^^^
[INFO] [stdout] 
[INFO] [stdout] 
[INFO] [stdout] warning: unused import: `std::path::Path`
[INFO] [stdout]  --> src/main.rs:8:5
[INFO] [stdout]   |
[INFO] [stdout] 8 | use std::path::Path;
[INFO] [stdout]   |     ^^^^^^^^^^^^^^^
[INFO] [stdout] 
[INFO] [stdout] 
[INFO] [stdout] warning: unused import: `std::os::raw::c_char`
[INFO] [stdout]  --> src/main.rs:9:5
[INFO] [stdout]   |
[INFO] [stdout] 9 | use std::os::raw::c_char;
[INFO] [stdout]   |     ^^^^^^^^^^^^^^^^^^^^
[INFO] [stdout] 
[INFO] [stdout] 
[INFO] [stdout] error[E0425]: cannot find function `bfd_openr` in crate `bfd_sys`
[INFO] [stdout]   --> src/bfd.rs:70:28
[INFO] [stdout]    |
[INFO] [stdout] 70 |     bfd_h = &mut *bfd_sys::bfd_openr(in_obj_path_c_str, target_c_str);
[INFO] [stdout]    |                            ^^^^^^^^^ not found in `bfd_sys`
[INFO] [stdout] 
[INFO] [stdout] 
[INFO] [stdout] error[E0425]: cannot find function `bfd_openw` in crate `bfd_sys`
[INFO] [stdout]   --> src/bfd.rs:87:28
[INFO] [stdout]    |
[INFO] [stdout] 87 |     bfd_h = &mut *bfd_sys::bfd_openw(out_obj_path_c_str, target_c_str);
[INFO] [stdout]    |                            ^^^^^^^^^ not found in `bfd_sys`
[INFO] [stdout] 
[INFO] [stdout] 
[INFO] [stdout] error[E0425]: cannot find function `bfd_close` in crate `bfd_sys`
[INFO] [stdout]    --> src/bfd.rs:104:16
[INFO] [stdout]     |
[INFO] [stdout] 104 |       bfd_sys::bfd_close(self.bfd);
[INFO] [stdout]     |                ^^^^^^^^^ not found in `bfd_sys`
[INFO] [stdout] 
[INFO] [stdout] 
[INFO] [stdout] error[E0412]: cannot find type `bfd_boolean` in crate `bfd_sys`
[INFO] [stdout]    --> src/bfd.rs:114:39
[INFO] [stdout]     |
[INFO] [stdout] 114 |     let format_check_result: bfd_sys::bfd_boolean;
[INFO] [stdout]     |                                       ^^^^^^^^^^^ not found in `bfd_sys`
[INFO] [stdout] 
[INFO] [stdout] 
[INFO] [stdout] error[E0425]: cannot find function `bfd_check_format` in crate `bfd_sys`
[INFO] [stdout]    --> src/bfd.rs:118:18
[INFO] [stdout]     |
[INFO] [stdout] 118 |         bfd_sys::bfd_check_format(abfd, bfd_sys::bfd_format_bfd_object);
[INFO] [stdout]     |                  ^^^^^^^^^^^^^^^^ not found in `bfd_sys`
[INFO] [stdout] 
[INFO] [stdout] 
[INFO] [stdout] error[E0425]: cannot find value `bfd_format_bfd_object` in crate `bfd_sys`
[INFO] [stdout]    --> src/bfd.rs:118:50
[INFO] [stdout]     |
[INFO] [stdout] 118 |         bfd_sys::bfd_check_format(abfd, bfd_sys::bfd_format_bfd_object);
[INFO] [stdout]     |                                                  ^^^^^^^^^^^^^^^^^^^^^ not found in `bfd_sys`
[INFO] [stdout] 
[INFO] [stdout] 
[INFO] [stdout] error[E0412]: cannot find type `bfd_boolean` in crate `bfd_sys`
[INFO] [stdout]    --> src/bfd.rs:129:37
[INFO] [stdout]     |
[INFO] [stdout] 129 |     let format_set_result: bfd_sys::bfd_boolean;
[INFO] [stdout]     |                                     ^^^^^^^^^^^ not found in `bfd_sys`
[INFO] [stdout] 
[INFO] [stdout] 
[INFO] [stdout] error[E0425]: cannot find function `bfd_set_format` in crate `bfd_sys`
[INFO] [stdout]    --> src/bfd.rs:133:18
[INFO] [stdout]     |
[INFO] [stdout] 133 |         bfd_sys::bfd_set_format(abfd, bfd_sys::bfd_format_bfd_object);
[INFO] [stdout]     |                  ^^^^^^^^^^^^^^ not found in `bfd_sys`
[INFO] [stdout] 
[INFO] [stdout] 
[INFO] [stdout] error[E0425]: cannot find value `bfd_format_bfd_object` in crate `bfd_sys`
[INFO] [stdout]    --> src/bfd.rs:133:48
[INFO] [stdout]     |
[INFO] [stdout] 133 |         bfd_sys::bfd_set_format(abfd, bfd_sys::bfd_format_bfd_object);
[INFO] [stdout]     |                                                ^^^^^^^^^^^^^^^^^^^^^ not found in `bfd_sys`
[INFO] [stdout] 
[INFO] [stdout] 
[INFO] [stdout] error[E0412]: cannot find type `bfd_link_hash_table` in crate `bfd_sys`
[INFO] [stdout]    --> src/bfd.rs:144:22
[INFO] [stdout]     |
[INFO] [stdout] 144 |   ) -> *mut bfd_sys::bfd_link_hash_table {
[INFO] [stdout]     |                      ^^^^^^^^^^^^^^^^^^^ not found in `bfd_sys`
[INFO] [stdout] 
[INFO] [stdout] 
[INFO] [stdout] error[E0425]: cannot find function `bfd_hash_table_init` in crate `bfd_sys`
[INFO] [stdout]    --> src/bfd.rs:201:14
[INFO] [stdout]     |
[INFO] [stdout] 201 |     bfd_sys::bfd_hash_table_init(
[INFO] [stdout]     |              ^^^^^^^^^^^^^^^^^^^ not found in `bfd_sys`
[INFO] [stdout] 
[INFO] [stdout] 
[INFO] [stdout] error[E0425]: cannot find value `bfd_hash_newfunc` in crate `bfd_sys`
[INFO] [stdout]    --> src/bfd.rs:203:21
[INFO] [stdout]     |
[INFO] [stdout] 203 |       Some(bfd_sys::bfd_hash_newfunc),
[INFO] [stdout]     |                     ^^^^^^^^^^^^^^^^ not found in `bfd_sys`
[INFO] [stdout] 
[INFO] [stdout] 
[INFO] [stdout] error[E0412]: cannot find type `bfd_hash_entry` in crate `bfd_sys`
[INFO] [stdout]    --> src/bfd.rs:204:26
[INFO] [stdout]     |
[INFO] [stdout] 204 |       size_of::<bfd_sys::bfd_hash_entry>() as u32,
[INFO] [stdout]     |                          ^^^^^^^^^^^^^^ not found in `bfd_sys`
[INFO] [stdout] 
[INFO] [stdout] 
[INFO] [stdout] error[E0425]: cannot find function `bfd_find_target` in crate `bfd_sys`
[INFO] [stdout]    --> src/bfd.rs:251:20
[INFO] [stdout]     |
[INFO] [stdout] 251 |     tgt = bfd_sys::bfd_find_target(target_c_str, ptr::null_mut());
[INFO] [stdout]     |                    ^^^^^^^^^^^^^^^ not found in `bfd_sys`
[INFO] [stdout] 
[INFO] [stdout] 
[INFO] [stdout] error[E0425]: cannot find function `bfd_target_list` in crate `bfd_sys`
[INFO] [stdout]    --> src/bfd.rs:293:55
[INFO] [stdout]     |
[INFO] [stdout] 293 |     let target_listing: *mut *const c_char = bfd_sys::bfd_target_list();
[INFO] [stdout]     |                                                       ^^^^^^^^^^^^^^^ not found in `bfd_sys`
[INFO] [stdout] 
[INFO] [stdout] 
[INFO] [stdout] error[E0412]: cannot find type `bfd` in crate `bfd_sys`
[INFO] [stdout]   --> src/main.rs:21:31
[INFO] [stdout]    |
[INFO] [stdout] 21 |   let mut abfd: &mut bfd_sys::bfd;
[INFO] [stdout]    |                               ^^^ not found in `bfd_sys`
[INFO] [stdout] 
[INFO] [stdout] 
[INFO] [stdout] error[E0425]: cannot find function `bfd_openw` in crate `bfd_sys`
[INFO] [stdout]   --> src/main.rs:23:27
[INFO] [stdout]    |
[INFO] [stdout] 23 |     abfd = &mut *bfd_sys::bfd_openw(
[INFO] [stdout]    |                           ^^^^^^^^^ not found in `bfd_sys`
[INFO] [stdout] 
[INFO] [stdout] 
[INFO] [stdout] error[E0425]: cannot find function `bfd_set_format` in crate `bfd_sys`
[INFO] [stdout]   --> src/main.rs:27:14
[INFO] [stdout]    |
[INFO] [stdout] 27 |     bfd_sys::bfd_set_format(&mut *abfd, bfd_sys::bfd_format_bfd_object);
[INFO] [stdout]    |              ^^^^^^^^^^^^^^ not found in `bfd_sys`
[INFO] [stdout] 
[INFO] [stdout] 
[INFO] [stdout] error[E0425]: cannot find value `bfd_format_bfd_object` in crate `bfd_sys`
[INFO] [stdout]   --> src/main.rs:27:50
[INFO] [stdout]    |
[INFO] [stdout] 27 |     bfd_sys::bfd_set_format(&mut *abfd, bfd_sys::bfd_format_bfd_object);
[INFO] [stdout]    |                                                  ^^^^^^^^^^^^^^^^^^^^^ not found in `bfd_sys`
[INFO] [stdout] 
[INFO] [stdout] 
[INFO] [stdout] error[E0412]: cannot find type `asymbol` in crate `bfd_sys`
[INFO] [stdout]   --> src/main.rs:30:30
[INFO] [stdout]    |
[INFO] [stdout] 30 |   let mut new: &mut bfd_sys::asymbol;
[INFO] [stdout]    |                              ^^^^^^^ not found in `bfd_sys`
[INFO] [stdout] 
[INFO] [stdout] 
[INFO] [stdout] error[E0425]: cannot find function `_bfd_generic_make_empty_symbol` in crate `bfd_sys`
[INFO] [stdout]   --> src/main.rs:32:26
[INFO] [stdout]    |
[INFO] [stdout] 32 |     new = &mut *bfd_sys::_bfd_generic_make_empty_symbol(&mut *abfd);
[INFO] [stdout]    |                          ^^^^^^^^^^^^^^^^^^^^^^^^^^^^^^ not found in `bfd_sys`
[INFO] [stdout] 
[INFO] [stdout] 
[INFO] [stdout] error[E0425]: cannot find function `bfd_make_section_old_way` in crate `bfd_sys`
[INFO] [stdout]   --> src/main.rs:36:28
[INFO] [stdout]    |
[INFO] [stdout] 36 |     new.section = bfd_sys::bfd_make_section_old_way(
[INFO] [stdout]    |                            ^^^^^^^^^^^^^^^^^^^^^^^^ not found in `bfd_sys`
[INFO] [stdout] 
[INFO] [stdout] 
[INFO] [stdout] error[E0425]: cannot find value `BSF_GLOBAL` in crate `bfd_sys`
[INFO] [stdout]   --> src/main.rs:41:24
[INFO] [stdout]    |
[INFO] [stdout] 41 |   new.flags = bfd_sys::BSF_GLOBAL;
[INFO] [stdout]    |                        ^^^^^^^^^^ not found in `bfd_sys`
[INFO] [stdout] 
[INFO] [stdout] 
[INFO] [stdout] error[E0412]: cannot find type `asymbol` in crate `bfd_sys`
[INFO] [stdout]   --> src/main.rs:44:30
[INFO] [stdout]    |
[INFO] [stdout] 44 |   let new_ptr: *mut bfd_sys::asymbol = &mut *new;
[INFO] [stdout]    |                              ^^^^^^^ not found in `bfd_sys`
[INFO] [stdout] 
[INFO] [stdout] 
[INFO] [stdout] error[E0412]: cannot find type `asymbol` in crate `bfd_sys`
[INFO] [stdout]   --> src/main.rs:45:27
[INFO] [stdout]    |
[INFO] [stdout] 45 |   let nptr: *mut bfd_sys::asymbol = std::ptr::null_mut();
[INFO] [stdout]    |                           ^^^^^^^ not found in `bfd_sys`
[INFO] [stdout] 
[INFO] [stdout] 
[INFO] [stdout] error[E0412]: cannot find type `asymbol` in crate `bfd_sys`
[INFO] [stdout]   --> src/main.rs:46:37
[INFO] [stdout]    |
[INFO] [stdout] 46 |   let mut ptrs: &mut [*mut bfd_sys::asymbol] = &mut [new_ptr, nptr];
[INFO] [stdout]    |                                     ^^^^^^^ not found in `bfd_sys`
[INFO] [stdout] 
[INFO] [stdout] 
[INFO] [stdout] error[E0425]: cannot find function `bfd_set_symtab` in crate `bfd_sys`
[INFO] [stdout]   --> src/main.rs:49:14
[INFO] [stdout]    |
[INFO] [stdout] 49 |     bfd_sys::bfd_set_symtab(&mut *abfd, ptrs.as_mut_ptr(), 1);
[INFO] [stdout]    |              ^^^^^^^^^^^^^^ not found in `bfd_sys`
[INFO] [stdout] 
[INFO] [stdout] 
[INFO] [stdout] error[E0425]: cannot find function `bfd_close` in crate `bfd_sys`
[INFO] [stdout]   --> src/main.rs:50:14
[INFO] [stdout]    |
[INFO] [stdout] 50 |     bfd_sys::bfd_close(&mut *abfd);
[INFO] [stdout]    |              ^^^^^^^^^ not found in `bfd_sys`
[INFO] [stdout] 
[INFO] [stdout] 
[INFO] [stdout] warning: unused import: `std::fmt`
[INFO] [stdout]  --> src/bfd.rs:7:5
[INFO] [stdout]   |
[INFO] [stdout] 7 | use std::fmt;
[INFO] [stdout]   |     ^^^^^^^^
[INFO] [stdout]   |
[INFO] [stdout]   = note: `#[warn(unused_imports)]` on by default
[INFO] [stdout] 
[INFO] [stdout] 
[INFO] [stdout] warning: unused import: `PathBuf`
[INFO] [stdout]   --> src/bfd.rs:11:23
[INFO] [stdout]    |
[INFO] [stdout] 11 | use std::path::{Path, PathBuf};
[INFO] [stdout]    |                       ^^^^^^^
[INFO] [stdout] 
[INFO] [stdout] 
[INFO] [stdout] warning: unused import: `std::slice`
[INFO] [stdout]   --> src/bfd.rs:13:5
[INFO] [stdout]    |
[INFO] [stdout] 13 | use std::slice;
[INFO] [stdout]    |     ^^^^^^^^^^
[INFO] [stdout] 
[INFO] [stdout] 
[INFO] [stdout] warning: unused import: `std::env`
[INFO] [stdout]  --> src/main.rs:5:5
[INFO] [stdout]   |
[INFO] [stdout] 5 | use std::env;
[INFO] [stdout]   |     ^^^^^^^^
[INFO] [stdout] 
[INFO] [stdout] 
[INFO] [stdout] warning: unused import: `std::fs::File`
[INFO] [stdout]  --> src/main.rs:7:5
[INFO] [stdout]   |
[INFO] [stdout] 7 | use std::fs::File;
[INFO] [stdout]   |     ^^^^^^^^^^^^^
[INFO] [stdout] 
[INFO] [stdout] 
[INFO] [stdout] warning: unused import: `std::path::Path`
[INFO] [stdout]  --> src/main.rs:8:5
[INFO] [stdout]   |
[INFO] [stdout] 8 | use std::path::Path;
[INFO] [stdout]   |     ^^^^^^^^^^^^^^^
[INFO] [stdout] 
[INFO] [stdout] 
[INFO] [stdout] warning: unused import: `std::os::raw::c_char`
[INFO] [stdout]  --> src/main.rs:9:5
[INFO] [stdout]   |
[INFO] [stdout] 9 | use std::os::raw::c_char;
[INFO] [stdout]   |     ^^^^^^^^^^^^^^^^^^^^
[INFO] [stdout] 
[INFO] [stdout] 
[INFO] [stdout] error[E0609]: no field `name` on type `&_`
[INFO] [stdout]    --> src/bfd.rs:256:32
[INFO] [stdout]     |
[INFO] [stdout] 256 |       c_str = CStr::from_ptr(x.name);
[INFO] [stdout]     |                                ^^^^
[INFO] [stdout] 
[INFO] [stdout] 
[INFO] [stdout] error: aborting due to 30 previous errors; 7 warnings emitted
[INFO] [stdout] 
[INFO] [stdout] 
[INFO] [stdout] Some errors have detailed explanations: E0412, E0425, E0432, E0609.
[INFO] [stdout] 
[INFO] [stdout] For more information about an error, try `rustc --explain E0412`.
[INFO] [stdout] 
[INFO] [stderr] error: could not compile `mold`.
[INFO] [stderr] 
[INFO] [stderr] To learn more, run the command again with --verbose.
[INFO] [stderr] warning: build failed, waiting for other jobs to finish...
[INFO] [stdout] error[E0609]: no field `name` on type `&_`
[INFO] [stdout]    --> src/bfd.rs:256:32
[INFO] [stdout]     |
[INFO] [stdout] 256 |       c_str = CStr::from_ptr(x.name);
[INFO] [stdout]     |                                ^^^^
[INFO] [stdout] 
[INFO] [stdout] 
[INFO] [stdout] error: aborting due to 30 previous errors; 7 warnings emitted
[INFO] [stdout] 
[INFO] [stdout] 
[INFO] [stdout] Some errors have detailed explanations: E0412, E0425, E0432, E0609.
[INFO] [stdout] 
[INFO] [stdout] For more information about an error, try `rustc --explain E0412`.
[INFO] [stdout] 
[INFO] [stderr] error: build failed
[INFO] running `Command { std: "docker" "inspect" "2f6a742597857c64205cee63a6cb8891e2fc8bf7f68cdb68041ee58d6498f2db", kill_on_drop: false }`
[INFO] running `Command { std: "docker" "rm" "-f" "2f6a742597857c64205cee63a6cb8891e2fc8bf7f68cdb68041ee58d6498f2db", kill_on_drop: false }`
[INFO] [stdout] 2f6a742597857c64205cee63a6cb8891e2fc8bf7f68cdb68041ee58d6498f2db
